me factors of 68520151.
7, 23, 425591
List the prime factors of 822056931.
3, 47, 181, 1193
List the prime factors of 878549593.
5471, 160583
What are the prime factors of 6216204787?
13, 19, 1871, 13451
List the prime factors of 7774032064.
2, 257, 472643
What are the prime factors of 21204123?
3, 1423, 4967
What are the prime factors of 80263993?
101, 794693
What are the prime factors of 56113089?
3, 18704363
List the prime factors of 5088142.
2, 353, 7207
List the prime factors of 153479725.
5, 7, 877027
What are the prime factors of 358818342?
2, 3, 59803057
What are the prime factors of 7580586495?
3, 5, 3307, 152819
List the prime factors of 25591936.
2, 17, 19, 619
What are the prime factors of 2578417446?
2, 3, 11, 37, 1055863
List the prime factors of 381388764.
2, 3, 31782397
What are the prime factors of 1811149341?
3, 109, 5538683
List the prime factors of 136371599.
7, 13, 67, 22367
What are the prime factors of 40572641?
83, 488827
What are the prime factors of 151691986?
2, 17, 569, 7841
List the prime factors of 44682041.
44682041
What are the prime factors of 67275951?
3, 43, 521519
What are the prime factors of 106156573?
71, 1495163
What are the prime factors of 10722921?
3, 11, 293, 1109
What are the prime factors of 133196484?
2, 3, 11099707
List the prime factors of 984624561.
3, 2309, 47381
What are the prime factors of 18042462?
2, 3, 1002359
What are the prime factors of 1724929?
1724929
What are the prime factors of 694912674?
2, 3, 29, 3993751
What are the prime factors of 729421241?
23, 179, 177173
What are the prime factors of 34222993?
7, 4888999
What are the prime factors of 486935906?
2, 243467953
List the prime factors of 143266457.
1217, 117721
What are the prime factors of 782893619?
23, 37, 919969
List the prime factors of 86082406.
2, 43041203
What are the prime factors of 488833684?
2, 1307, 93503
What are the prime factors of 206975479?
9343, 22153
List the prime factors of 1191157069.
113, 577, 18269
List the prime factors of 2553609358.
2, 47, 167, 162671
What are the prime factors of 424653345?
3, 5, 31, 304411
List the prime factors of 774813179.
7, 19, 557, 10459
What are the prime factors of 585526964?
2, 11, 13307431
List the prime factors of 751909659.
3, 443, 565771
List the prime factors of 413280248.
2, 19, 2718949
List the prime factors of 226657244.
2, 11, 31, 107, 1553
What are the prime factors of 2422358973?
3, 5927, 15137
List the prime factors of 98521313.
11, 8956483
What are the prime factors of 49426804?
2, 7, 1153, 1531
What are the prime factors of 130272744?
2, 3, 7, 41, 18913
List the prime factors of 209414030.
2, 5, 7, 2991629
List the prime factors of 996420982.
2, 498210491
What are the prime factors of 161280503?
233, 692191
What are the prime factors of 227132427?
3, 17, 211, 21107
What are the prime factors of 16075238?
2, 509, 15791
What are the prime factors of 83372008?
2, 211, 49391
What are the prime factors of 5976110344?
2, 2351, 317743
What are the prime factors of 5016248544?
2, 3, 52252589
List the prime factors of 1520787123.
3, 56325449
List the prime factors of 470772249.
3, 431, 541, 673
What are the prime factors of 7811752?
2, 13, 31, 2423
What are the prime factors of 70784590?
2, 5, 1999, 3541
What are the prime factors of 9073701386?
2, 4536850693
What are the prime factors of 138897168?
2, 3, 79, 36629
List the prime factors of 51897915.
3, 5, 127, 1009
List the prime factors of 161293165.
5, 11, 157, 18679
What are the prime factors of 73248293?
73248293
List the prime factors of 35761095.
3, 5, 9811
List the prime factors of 732167854.
2, 11, 3025487
What are the prime factors of 1051937500?
2, 5, 16831
What are the prime factors of 11384099?
31, 367229
List the prime factors of 35247569.
7, 23, 37, 61, 97
List the prime factors of 195323855.
5, 257, 152003
What are the prime factors of 25775342?
2, 769, 16759
What are the prime factors of 630622659?
3, 151, 1392103
What are the prime factors of 58062286?
2, 29031143
List the prime factors of 769519824.
2, 3, 17, 197, 4787
What are the prime factors of 43900178?
2, 7, 447961
What are the prime factors of 1082284118?
2, 19, 29, 373, 2633
List the prime factors of 590330217.
3, 196776739
List the prime factors of 2825934369.
3, 941978123
What are the prime factors of 1714373637?
3, 3137, 182167
List the prime factors of 1828526246.
2, 103, 8876341
List the prime factors of 599075268.
2, 3, 11, 541, 8389
What are the prime factors of 463771504?
2, 7, 4140817
What are the prime factors of 2896475168?
2, 90514849
What are the prime factors of 47772080?
2, 5, 19, 53, 593
List the prime factors of 37534885.
5, 41, 277, 661
List the prime factors of 200501972.
2, 11, 41, 111143
List the prime factors of 273982386.
2, 3, 45663731
List the prime factors of 40035971.
40035971
List the prime factors of 27119819.
41, 661459
What are the prime factors of 17352073?
19, 173, 5279
What are the prime factors of 41152404?
2, 3, 19, 199, 907
What are the prime factors of 82371941?
461, 178681
List the prime factors of 173401981.
1129, 153589
What are the prime factors of 11318676?
2, 3, 683, 1381
What are the prime factors of 44992508?
2, 11, 23, 1933
List the prime factors of 15925659.
3, 5308553
List the prime factors of 21389369.
53, 443, 911
List the prime factors of 534916375.
5, 7, 611333
What are the prime factors of 70869171?
3, 37, 383, 1667
What are the prime factors of 4200032509?
191, 199, 110501
List the prime factors of 5524564474.
2, 11, 13, 59, 327401
List the prime factors of 533856092.
2, 7, 11, 433, 4003
List the prime factors of 23609193.
3, 43, 397, 461
List the prime factors of 151893045.
3, 5, 17, 198553
List the prime factors of 1086623726.
2, 173, 181, 17351
List the prime factors of 613894654.
2, 53, 2281, 2539
What are the prime factors of 615596408?
2, 7, 1570399
What are the prime factors of 44585381?
19, 251, 9349
What are the prime factors of 272494769?
272494769
List the prime factors of 33804687.
3, 7, 17, 23, 179
List the prime factors of 5397800898.
2, 3, 7, 18359867
List the prime factors of 895649805.
3, 5, 2211481
List the prime factors of 131175878.
2, 37, 1772647
What are the prime factors of 97236148?
2, 19, 37, 151, 229
What are the prime factors of 237338395?
5, 7, 6781097
List the prime factors of 727494276.
2, 3, 4549, 13327
List the prime factors of 5578561.
461, 12101
What are the prime factors of 197355073?
109, 1810597
List the prime factors of 106376526.
2, 3, 5909807
What are the prime factors of 285413225?
5, 149, 193, 397
List the prime factors of 243126714.
2, 3, 40521119
List the prime factors of 39589437.
3, 29, 113, 4027
List the prime factors of 7518176.
2, 103, 2281
List the prime factors of 473724422.
2, 23, 181, 56897
What are the prime factors of 16538821?
13, 59, 21563
List the prime factors of 588697805.
5, 19, 6196819
What are the prime factors of 108574626?
2, 3, 19, 163, 5843
List the prime factors of 5479228627.
293, 18700439
What are the prime factors of 554039374?
2, 7, 29, 383, 509
List the prime factors of 690855587.
43, 331, 48539
List the prime factors of 250408409.
71, 1399, 2521
List the prime factors of 9814082.
2, 4907041
List the prime factors of 60705875.
5, 485647
What are the prime factors of 102911338?
2, 23, 241, 9283
List the prime factors of 122071607.
7, 109, 139, 1151
What are the prime factors of 50936229?
3, 1886527
What are the prime factors of 619244594?
2, 23, 1607, 8377
List the prime factors of 1378668.
2, 3, 114889
What are the prime factors of 230050261?
7, 32864323
List the prime factors of 73241583.
3, 1151, 21211
List the prime factors of 93879274.
2, 46939637
What are the prime factors of 12819493?
587, 21839
What are the prime factors of 289655694?
2, 3, 61, 263803
What are the prime factors of 70319912?
2, 13, 19, 1873
What are the prime factors of 7465048771?
7465048771
What are the prime factors of 66871390?
2, 5, 29, 293, 787
List the prime factors of 24191917.
181, 133657
What are the prime factors of 818223778?
2, 139, 1097, 2683
What are the prime factors of 109941483?
3, 36647161
What are the prime factors of 113580400?
2, 5, 17, 16703
What are the prime factors of 2201523408?
2, 3, 7, 728017
List the prime f